5941998 a multiple of 387?
True
Is 309400 a multiple of 52?
True
Does 11 divide 346053?
False
Is 118636 a multiple of 42?
False
Is 272307 a multiple of 20?
False
Does 14 divide 1936578?
True
Is 1148 a factor of 4063920?
True
Is 98 a factor of 4297497?
False
Is 7544330 a multiple of 222?
False
Is 33 a factor of 2337390?
True
Does 11 divide 69729?
True
Is 15 a factor of 11742775?
False
Does 97 divide 6830405?
False
Is 2006985 a multiple of 132?
False
Is 51 a factor of 28935?
False
Is 5828510 a multiple of 214?
False
Does 47 divide 1096564?
False
Is 620 a factor of 3234855?
False
Is 411667 a multiple of 4?
False
Does 47 divide 160520?
False
Is 93133 a multiple of 211?
False
Does 59 divide 209214?
True
Does 105 divide 150782?
False
Is 36 a factor of 15660?
True
Does 13 divide 1583894?
True
Does 4 divide 2358456?
True
Is 525 a factor of 4686753?
False
Is 26 a factor of 85534?
False
Is 64 a factor of 269504?
True
Is 155040 a multiple of 160?
True
Does 93 divide 58672?
False
Is 1031301 a multiple of 489?
True
Is 20 a factor of 208073?
False
Is 28786 a multiple of 7?
False
Is 7 a factor of 33905?
False
Is 1582656 a multiple of 4?
True
Is 317379 a multiple of 201?
True
Is 3303 a multiple of 3?
True
Does 25 divide 1495225?
True
Does 328 divide 3583072?
True
Does 24 divide 52368?
True
Is 188676 a multiple of 102?
False
Does 51 divide 7587020?
False
Is 458288 a multiple of 119?
False
Does 6 divide 31629?
False
Is 2316 a factor of 9960571?
False
Is 31 a factor of 314945?
False
Does 41 divide 225254?
True
Does 161 divide 478170?
True
Is 610980 a multiple of 85?
True
Is 24 a factor of 1206680?
False
Is 71 a factor of 881678?
True
Is 133732 a multiple of 3?
False
Is 1717409 a multiple of 399?
False
Does 72 divide 52354?
False
Does 416 divide 321984?
True
Is 297 a factor of 417322?
False
Is 36885 a multiple of 125?
False
Is 667 a factor of 3833916?
True
Is 17 a factor of 451974?
False
Is 138 a factor of 967944?
False
Does 76 divide 5417584?
True
Is 87186 a multiple of 8?
False
Is 222 a factor of 568266?
False
Is 207368 a multiple of 322?
True
Is 895072 a multiple of 664?
True
Is 906 a factor of 468897?
False
Does 1303 divide 415854?
False
Does 426 divide 1376832?
True
Is 38 a factor of 2259290?
True
Is 38196 a multiple of 2?
True
Is 24 a factor of 246864?
True
Does 5 divide 1356820?
True
Does 124 divide 66712?
True
Does 570 divide 1367430?
True
Does 57 divide 57960?
False
Does 1199 divide 19883017?
True
Is 2305030 a multiple of 745?
True
Does 12 divide 75660?
True
Does 13 divide 1597537?
False
Is 25 a factor of 132166?
False
Is 88 a factor of 65374?
False
Is 223290 a multiple of 240?
False
Is 65540 a multiple of 113?
True
Is 387041 a multiple of 100?
False
Does 14 divide 133292?
False
Does 27 divide 787455?
True
Is 11 a factor of 299616?
False
Is 2 a factor of 47400?
True
Is 14 a factor of 2989464?
False
Is 370336 a multiple of 326?
True
Is 231135 a multiple of 15?
True
Does 20 divide 9080?
True
Is 47604 a multiple of 12?
True
Is 15 a factor of 3652845?
True
Is 1039224 a multiple of 456?
True
Does 256 divide 1507072?
True
Does 123 divide 2411292?
True
Does 2431 divide 21102929?
False
Is 31989 a multiple of 67?
False
Does 20 divide 8046780?
True
Does 276 divide 16078051?
False
Is 26 a factor of 7345260?
True
Does 10 divide 1251162?
False
Is 57400 a multiple of 70?
True
Is 331 a factor of 109727?
False
Does 674 divide 11259536?
False
Does 18 divide 5784918?
False
Is 7 a factor of 52037?
False
Does 575 divide 1127000?
True
Is 32 a factor of 64384?
True
Does 1267 divide 2062676?
True
Is 500372 a multiple of 35?
False
Does 67 divide 60233?
True
Is 64787 a multiple of 20?
False
Is 121502 a multiple of 158?
True
Is 4 a factor of 14888?
True
Does 23 divide 3004927?
True
Is 162755 a multiple of 40?
False
Is 389190 a multiple of 30?
True
Is 20 a factor of 6860840?
True
Is 2 a factor of 78775?
False
Does 130 divide 18314355?
False
Is 19 a factor of 2145062?
True
Is 126 a factor of 342387?
False
Is 151760 a multiple of 7?
True
Is 137 a factor of 53186?
False
Does 21 divide 89741?
False
Is 6644 a multiple of 2?
True
Is 4719587 a multiple of 527?
False
Is 6042920 a multiple of 65?
True
Is 14513318 a multiple of 10?
False
Is 44 a factor of 174680?
True
Is 22 a factor of 329604?
True
Is 127 a factor of 1502978?
False
Does 523 divide 6147865?
True
Is 233889 a multiple of 26?
False
Does 152 divide 37981?
False
Is 16 a factor of 56656?
True
Is 52 a factor of 22900?
False
Is 740486 a multiple of 22?
False
Does 72 divide 294270?
False
Is 46 a factor of 65416?
False
Is 1214 a factor of 8420304?
True
Does 37 divide 123540?
False
Is 306 a factor of 2392920?
True
Is 47544 a multiple of 566?
True
Does 57 divide 82821?
True
Is 138 a factor of 302855?
False
Is 274 a factor of 177004?
True
Is 362340 a multiple of 135?
True
Does 580 divide 5063400?
True
Does 39 divide 398139?
False
Is 121 a factor of 219812?
False
Is 15 a factor of 535803?
False
Is 131274 a multiple of 61?
False
Is 36 a factor of 113364?
True
Does 13 divide 36551?
False
Is 485 a factor of 4230987?
False
Is 403058 a multiple of 79?
True
Does 114 divide 3780696?
True
Is 9004710 a multiple of 496?
False
Does 24 divide 1432029?
False
Is 31 a factor of 4578514?
True
Does 329 divide 1316461?
False
Does 80 divide 3379123?
False
Is 30 a factor of 421933?
False
Is 2305692 a multiple of 132?
False
Does 60 divide 238349?
False
Is 83 a factor of 783105?
True
Is 5 a factor of 59561?
False
Does 544 divide 7236041?
False
Is 40600 a multiple of 36?
False
Is 46 a factor of 224328?
False
Does 32 divide 1019616?
True
Is 6477521 a multiple of 733?
True
Is 37 a factor of 160581?
False
Does 202 divide 59023?
False
Is 13614 a multiple of 6?
True
Is 9054 a multiple of 18?
True
Is 482 a factor of 94823?
False
Is 1202950 a multiple of 19?
False
Is 3030638 a multiple of 331?
False
Does 216 divide 541469?
False
Is 29408 a multiple of 2?
True
Is 762 a factor of 6566154?
True
Is 31910044 a multiple of 2454?
False
Is 13 a factor of 673362?
False
Does 160 divide 916480?
True
Does 487 divide 1324464?
False
Does 117 divide 835987?
False
Does 240 divide 2258223?
False
Is 1589148 a multiple of 12?
True
Is 12 a factor of 485724?
True
Is 286734 a multiple of 11?
False
Is 8415650 a multiple of 925?
True
Does 7 divide 746354?
True
Is 3 a factor of 49432?
False
Does 236 divide 2697801?
False
Is 11343030 a multiple of 347?
False
Is 45 a factor of 1567035?
True
Is 16502688 a multiple of 18?
True
Is 223602 a multiple of 378?
False
Does 67 divide 72155?
False
Is 18906 a multiple of 485?
False
Is 14927 a multiple of 253?
True
Is 1614844 a multiple of 539?
True
Is 244726 a multiple of 19?
False
Does 372 divide 1792160?
False
Is 340 a factor of 3303904?
False
Is 555588 a multiple of 57?
False
Does 205 divide 5737540?
True
Is 1829489 a multiple of 5?
False
Is 2030952 a multiple of 56?
True
Is 161 a factor of 1431497?
False
Is 58995 a multiple of 115?
True
Does 14 divide 771932?
True
Does 15 divide 101625?
True
Is 89 a factor of 326007?
True
Does 35 divide 24891?
False
Does 200 divide 4340225?
False
Does 20 divide 137600?
True
Does 13 divide 58433?
False
Is 43 a factor of 7803505?
False
Is 147 a factor of 127743?
True
Is 5027153 a multiple of 19?
True
Does 24 divide 85612?
False
Is 39 a factor of 25445121?
True
Is 334 a factor of 25377?
False
Is 295 a factor of 2228858?
False
Does 26 divide 5489876?
False
Is 747 a factor of 173640?
False
Is 195 a factor of 527475?
True
Does 121 divide 20449?
True
Is 1386259 a multiple of 55?
False
Is 14667991 a multiple of 1035?
False
Is 9 a factor of 241740?
True
Is 212 a factor of 169139?
False
Is 187391 a multiple of 14?
False
Is 4 a factor of 59780?
True
Is 68256 a multiple of 16?
True
Does 67 divide 25883?
False
Is 1795121 a multiple of 15?
False
Is 105 a factor of 118905?
False
Is 352641 a multiple of 61?
True
Does 15 divide 63525?
True
Is 3986656 a multiple of 19?
True
Does 20 divide 10768?
False
Is 1065 a factor of 4927755?
True
Is 114 a factor of 5068440?
True
Is 1204 a factor of 1349684?
True
Is 16 a factor of 770112?
True
Does 8 divide 39284?
False
Is 8574364 a multiple of 67?
False
Is 15677204 a multiple of 87?
False
Is 1550 a factor of 5484837?
False
Is 68152 a multiple of 7?
True
Does 278 divide 147896?
True
Does 6 divi